87 divide 22855466?
False
Is 938457525 a multiple of 75?
True
Does 8 divide 101724704?
True
Is 28789477 a multiple of 32?
False
Is 185182602 a multiple of 6?
True
Is 191073618 a multiple of 101?
True
Does 2180 divide 41531803?
False
Is 35124160 a multiple of 2180?
True
Is 74 a factor of 114085339?
False
Is 80529505 a multiple of 35?
True
Is 20601624 a multiple of 12?
True
Is 551 a factor of 17203408?
False
Does 13 divide 1419910141?
True
Is 89254216 a multiple of 1411?
True
Is 1364 a factor of 264093699?
False
Is 954 a factor of 2802947548?
False
Does 128 divide 84954368?
True
Is 3067827475 a multiple of 1075?
True
Does 110 divide 297154814?
False
Is 253040768 a multiple of 538?
True
Is 318953184 a multiple of 23?
False
Does 275 divide 28976750?
True
Does 65 divide 44104190?
True
Does 18 divide 387079054?
False
Is 228612998 a multiple of 15?
False
Is 392 a factor of 124869640?
True
Does 136 divide 44265552?
True
Is 17549527 a multiple of 3?
False
Is 55 a factor of 1885544529?
False
Is 21 a factor of 1164924568?
False
Does 345 divide 139246187?
False
Does 14 divide 4519774?
True
Is 233667236 a multiple of 42?
False
Does 23 divide 45828696?
True
Does 11 divide 427689262?
True
Is 397 a factor of 5425098?
False
Is 66 a factor of 1065141354?
False
Is 464325 a multiple of 214?
False
Is 720732244 a multiple of 22?
False
Is 175287308 a multiple of 146?
True
Is 631 a factor of 91186927?
False
Is 25218977 a multiple of 19?
False
Is 23043794 a multiple of 275?
False
Is 30 a factor of 177860010?
True
Does 56 divide 2025804352?
False
Is 25 a factor of 12819376?
False
Is 9 a factor of 253077332?
False
Is 1103223 a multiple of 127?
False
Does 27 divide 848962183?
False
Is 70 a factor of 54028002?
False
Is 4160385944 a multiple of 26?
True
Is 217647107 a multiple of 3879?
False
Is 108 a factor of 167260592?
False
Does 36 divide 68197464?
True
Is 6712 a factor of 201171264?
False
Is 124 a factor of 2664938?
False
Does 105 divide 9787575?
True
Is 5618262 a multiple of 969?
True
Is 93337444 a multiple of 225?
False
Is 2383 a factor of 736332702?
True
Is 9182763 a multiple of 453?
True
Is 928223302 a multiple of 9?
False
Is 47926531 a multiple of 585?
False
Does 8 divide 173929960?
True
Is 539914708 a multiple of 43?
True
Does 7 divide 21546175?
True
Is 43 a factor of 11025501?
True
Does 6957 divide 638635179?
False
Is 26 a factor of 10711844?
True
Does 12 divide 18302808?
True
Does 53 divide 9888687?
True
Is 16363364 a multiple of 78?
False
Is 328 a factor of 49384209?
False
Is 1369 a factor of 4791500?
True
Is 15 a factor of 608244810?
True
Is 56269525 a multiple of 25?
True
Is 587303751 a multiple of 124?
False
Is 2559937920 a multiple of 24?
True
Is 6 a factor of 144578997?
False
Is 112434673 a multiple of 949?
True
Is 4622 a factor of 3357685177?
False
Is 365211749 a multiple of 26?
False
Is 130573758 a multiple of 163?
True
Is 58211984 a multiple of 88?
False
Is 10421123 a multiple of 25?
False
Is 1221268995 a multiple of 15?
True
Does 35 divide 915539415?
True
Is 277 a factor of 621369724?
True
Is 38 a factor of 204519629?
False
Is 6677 a factor of 290796704?
True
Does 14 divide 9924257?
False
Is 71 a factor of 25950429?
True
Is 17 a factor of 4587143070?
False
Is 1164 a factor of 1975810848?
True
Is 116 a factor of 836755979?
False
Is 35392165 a multiple of 1693?
True
Is 39924180 a multiple of 17?
False
Does 4618 divide 1629716731?
False
Is 1881 a factor of 124210959?
False
Is 91 a factor of 13161785?
True
Is 242 a factor of 52458824?
True
Is 81 a factor of 60907464?
True
Is 17217729 a multiple of 1018?
False
Is 14009862 a multiple of 71?
True
Is 1638170960 a multiple of 20?
True
Is 43 a factor of 246588015?
True
Is 142968 a multiple of 138?
True
Is 82 a factor of 2981895895?
False
Is 1672 a factor of 2914301016?
True
Is 373 a factor of 973886215?
True
Is 706180650 a multiple of 147?
True
Does 58 divide 11824112?
True
Is 183417972 a multiple of 381?
True
Does 33 divide 112787169?
True
Does 43 divide 101073822?
True
Is 182 a factor of 408986723?
False
Is 88441470 a multiple of 54?
True
Is 56443366 a multiple of 2105?
False
Does 2423 divide 34428407?
True
Is 24 a factor of 521202192?
True
Is 300746292 a multiple of 44?
True
Is 18265805 a multiple of 9?
False
Is 315 a factor of 354183825?
False
Is 975856652 a multiple of 526?
False
Is 30850082 a multiple of 9?
False
Is 366 a factor of 133056738?
True
Is 130996632 a multiple of 79?
False
Is 1942832 a multiple of 31?
True
Is 101 a factor of 19076965?
False
Does 204 divide 52129329?
False
Is 84411686 a multiple of 51?
False
Is 68782095 a multiple of 141?
False
Does 45 divide 1312369956?
False
Is 1147449912 a multiple of 904?
True
Is 40 a factor of 15078840?
True
Does 301 divide 43031562?
True
Is 13 a factor of 3076944?
True
Is 10771236 a multiple of 842?
False
Is 957676606 a multiple of 41?
True
Is 158065379 a multiple of 185?
False
Is 8 a factor of 2601507295?
False
Does 87 divide 22477273?
False
Is 51 a factor of 761652054?
True
Does 21 divide 495130566?
True
Does 280 divide 13643840?
True
Does 2 divide 3223985?
False
Is 19 a factor of 1390486080?
False
Does 18 divide 18803045?
False
Is 95204056 a multiple of 10?
False
Is 468 a factor of 273573670?
False
Is 12303937 a multiple of 54?
False
Is 34 a factor of 59359580?
True
Does 10 divide 5460841?
False
Is 36 a factor of 570330371?
False
Is 12 a factor of 145809204?
True
Is 254 a factor of 30122876?
True
Does 15 divide 817911166?
False
Is 576 a factor of 2438639?
False
Is 2556 a factor of 77965668?
True
Is 1443743350 a multiple of 98?
True
Is 1016 a factor of 59300872?
True
Does 216 divide 71082603?
False
Does 821 divide 2128562047?
False
Is 114803028 a multiple of 69?
True
Is 18002470 a multiple of 309?
False
Is 391 a factor of 25007413?
False
Is 93 a factor of 9088239?
True
Is 148 a factor of 765503064?
True
Does 324 divide 955720296?
True
Is 82 a factor of 293585912?
True
Is 9214876 a multiple of 316?
True
Is 59056332 a multiple of 228?
True
Is 192475894 a multiple of 6?
False
Is 231 a factor of 8292628?
False
Does 60 divide 1197082500?
True
Is 432 a factor of 9234432?
True
Does 2061 divide 434897232?
False
Is 5858274 a multiple of 6?
True
Does 1412 divide 214659300?
True
Is 1190 a factor of 47682110?
True
Is 372 a factor of 81075540?
True
Is 223964392 a multiple of 34?
True
Is 1962 a factor of 1367817844?
False
Is 391 a factor of 31623298?
True
Does 131 divide 143041913?
True
Is 222066243 a multiple of 19?
True
Is 3128 a factor of 563730090?
False
Is 2 a factor of 21546852?
True
Does 48 divide 1088669029?
False
Is 16 a factor of 25494208?
True
Does 16 divide 30012546?
False
Is 12 a factor of 20436563?
False
Is 1543969323 a multiple of 351?
True
Is 129 a factor of 341078563?
False
Is 397207848 a multiple of 12?
True
Does 6 divide 528538653?
False
Is 358 a factor of 82875926?
True
Is 115342488 a multiple of 1675?
False
Is 86757719 a multiple of 5?
False
Is 123 a factor of 217880975?
False
Does 1690 divide 176598240?
True
Is 176 a factor of 1552136080?
True
Does 45 divide 64796399?
False
Is 203592 a multiple of 499?
True
Is 106 a factor of 3133890?
True
Is 90 a factor of 71947665?
False
Is 390287 a multiple of 23?
True
Is 5 a factor of 20992695?
True
Does 1895 divide 222810310?
True
Is 19 a factor of 470538230?
True
Is 205 a factor of 371136420?
False
Is 8799500 a multiple of 190?
False
Does 866 divide 12149114?
True
Is 8 a factor of 6332640984?
True
Is 864 a factor of 579217456?
False
Does 12 divide 382676667?
False
Is 2534 a factor of 65168371?
False
Does 22 divide 108768486?
False
Does 127 divide 385932322?
False
Is 17108768 a multiple of 16?
True
Is 63362557 a multiple of 10?
False
Is 253 a factor of 18882149?
True
Does 2452 divide 351423092?
True
Is 369128888 a multiple of 69?
False
Is 972028330 a multiple of 7?
True
Does 378 divide 429439251?
False
Does 426 divide 1056428028?
True
Is 140419085 a multiple of 9?
False
Does 424 divide 927810632?
False
Is 20 a factor of 385139340?
True
Is 844 a factor of 301756483?
False
Is 122 a factor of 238937947?
False
Is 547 a factor of 26208411?
True
Does 1214 divide 1074896592?
False
Is 430678325 a multiple of 7140?
False
Is 18 a factor of 354420?
True
Is 99 a factor of 69928353?
True
Does 1644 divide 241273440?
